igit of y?
8
Let h(k) = -2*k + 14. Let f be h(-2). What is the hundreds digit of ((11652/f)/(-1))/(6/(-9))?
9
Let d(x) = x**3 - 20*x**2 + 2*x + 5. Let n be d(11). Let g = 1665 + n. What is the hundreds digit of g?
6
Suppose 4*s + 6*w - 35040 = 8*w, -2*s + 17504 = 3*w. What is the hundreds digit of s?
7
What is the units digit of 13385/4 + ((-410)/(-440) - 20/110)?
7
What is the units digit of (-98)/6*1833048/(-588)?
8
Suppose 9*q + q - 2560 = 0. Suppose 4*l - 32 = q. What is the units digit of l?
2
Let c(j) = 6*j**2 - 6*j + 14. Let u be c(-17). Let n = u - 882. What is the tens digit of n?
6
Suppose 5*o = -3*l + 6383 + 1110, -5*o + 2481 = l. What is the hundreds digit of l?
5
Let c be 3 + 48735/20 - (-2)/8. What is the hundreds digit of -1*(-1 - -2) - c/(-5)?
4
Let f be 1/5 - (15230/25 - 4). Let r = -335 - f. What is the units digit of r?
0
Let h(x) = -8 + 57*x + 3*x**2 + 2*x**2 + 19*x**2 + x**3 + 7*x**2. What is the units digit of h(-27)?
9
Let i be (2/(-2*1))/((-95)/380). Suppose -x + 303 = 5*u + x, 43 = u - i*x. What is the tens digit of u?
5
What is the tens digit of (-2053506)/(-63) + 32/12?
9
Let o(t) = 10*t**2 + 3*t - 1. Let y be o(1). What is the units digit of 1/((-3)/(-537))*y/6?
8
Suppose v = -y + 8215, -4*v + 23489 = 2*y + 7067. What is the hundreds digit of y?
2
Suppose -20 + 4 = -4*d. Suppose -5*j + 518 = d*k - 44, 3*j + 2*k = 338. Let h = j - 68. What is the tens digit of h?
4
What is the thousands digit of (6323390/6440)/((-2)/(-80)) - (-4)/14?
9
Let c = 34 - 29. Let o(g) = g**2 - 2*g - 7. What is the units digit of o(c)?
8
Suppose 0*j - j + 3*c - 70 = 0, 5*j + 2*c + 367 = 0. Let p = j - -351. What is the hundreds digit of p?
2
Suppose 172*k - 75*k - 79*k = 12312. What is the tens digit of k?
8
Let p(x) = 345*x + 26 - 15 + 31 - 4 + 0. What is the units digit of p(2)?
8
Let h(m) be the second derivative of 77*m**3/6 - 5*m**2/2 + 24*m. Let a be h(5). Suppose 4*b = 8*b - a. What is the units digit of b?
5
Let k = 96 + -54. Let b be ((-2716)/k)/((-2)/12). Suppose 305 = 3*f + 4*t, -4*f + b = -t - 3*t. What is the units digit of f?
9
What is the units digit of (114486/3)/1*(-4)/(-40)*5?
1
Let n(c) = 271*c - 15. What is the thousands digit of n(6)?
1
Let o = 25 - 23. Let t(f) = -6*f**o + 3 + 8*f**2 - 5*f**2 + f**3 + 3*f. What is the tens digit of t(4)?
3
Let g = 155 + -156. What is the hundreds digit of (g - (-70)/4)*(-174)/(-9)?
3
Let s(j) = j**3 - 9*j**2 + 10*j - 21. Let k be s(8). Let q be (0 + (-2 - -1))/(k/2795). Suppose 81 = 5*a - q. What is the hundreds digit of a?
1
Suppose 27*h - 25*h = -5*b + 94338, -47163 = -h - 4*b. What is the thousands digit of h?
7
Let j(m) = 2*m - 27. Let c be j(15). Suppose -2*z - 1026 = -5*v, c*z + 46 = 2*v - 360. What is the tens digit of v?
0
Let s = -1757 - -5981. What is the thousands digit of s?
4
Suppose -3*r - 2*w = -5*r + 26, 5*r = -3*w + 81. What is the tens digit of 4 - r/((-120)/4832)?
0
Let w = -4 - -6. Let u be -5 + 11 + -2 - (0 + w). Suppose -u*d + 27 = -5*n, -n - 31 = -2*d - 0*n. What is the units digit of d?
6
Suppose 3*l - 5622 = 6*l. Let m = -897 - l. Suppose -4*p + m = -v, -2*v + 139 = 4*p - 847. What is the hundreds digit of p?
2
Suppose -5*m + 137 = 5*k + 22, -136 = -5*k + 2*m. Suppose -2*z + k = -2*t + t, 2 = -2*z. Let c = 27 - t. What is the units digit of c?
5
Suppose 4*t = w + 144, 2*w + 169 + 79 = -2*t. Let p = 219 + w. What is the units digit of p?
1
Suppose 0*x = -2*x - 3*j + 43, -x + 2 = -5*j. What is the units digit of (x/(-4))/((-24)/1920)?
0
Let s be (2 - 6 - -6) + (-9)/(-3). What is the units digit of (-18)/24 + (s - 3555/(-4))?
3
Let f be 4 + -1 - 3/1. Let w(a) = -19 - 2*a + 0*a - 6*a + f*a. What is the units digit of w(-14)?
3
Let f(w) = -w**3 - 6*w**2 - 5*w + 5. Let r be f(-5). Let x = 763 - 760. Suppose x*s + 5*n = 4*s - 75, -r*s + n = -303. What is the units digit of s?
0
Let p(w) = w**3 + 3*w**2 - w + 742. Suppose 0 = -4*l - 0*l - 5*c - 20, 2*c = -2*l - 8. What is the tens digit of p(l)?
4
Let a be (-7 + -1)*(2 - 3). Suppose -a*c + 1765 + 635 = 0. What is the units digit of c?
0
Let m = -429 - -2806. Suppose 5*k = 2*f + 5141 + 792, -3*f + m = 2*k. What is the units digit of k?
7
Let c(b) = 56*b + 8. Let v be c(-8). Let t = -222 - v. Suppose 4*w + y - 3*y - 404 = 0, -3*y = 2*w - t. What is the hundreds digit of w?
1
What is the hundreds digit of 1 + 85796/22 + 2/11?
9
Let h = 33 - -166. Suppose -5*g - 160 = -o, h = 2*o - g - 121. Let z = o - 69. What is the tens digit of z?
9
Let b = 60 + -65. Let p be -1 + 3120/b*(-1)/2. Suppose -235 = -6*d + p. What is the tens digit of d?
9
Let g be 206049/10 + (455/50 - 9). Suppose 52*v - 65*v = -g. What is the hundreds digit of v?
5
Suppose 7*b + 73 = 255. Suppose -b*s + 198 = -25*s. What is the hundreds digit of s?
1
Suppose -5*m - 2 = -8*m + 4*i, 5*m - 15 = -5*i. Suppose 0 = 2*a + 3*v - 2707, -4*v - 2 = -m*v. What is the hundreds digit of a?
3
Let k(j) = 436*j + 3845. What is the ten thousands digit of k(19)?
1
Let d(u) = 2*u**3 - 43*u**2 + 13*u + 10. Let m be d(21). Let j = m + 504. What is the units digit of j?
6
Suppose -57*t + 37*t = 22260. Let b = t + 1587. What is the hundreds digit of b?
4
Let k(n) = -8*n + 401. Let d be k(23). Suppose 3*v + 5*j + 17 = -256, -3*v - 2*j = 282. Let z = v + d. What is the tens digit of z?
2
Let s = 112560 + -65268. What is the tens digit of s?
9
Suppose -8*t + 20599 + 713 = 0. What is the thousands digit of t?
2
Suppose 0 = -54*y + 317785 - 42493. What is the tens digit of y?
9
Let a = 293 - 289. Suppose a*r + 3*v = 1543, 12*r - 10*r - 767 = 3*v. What is the tens digit of r?
8
Suppose 0 = 4*m - 3*y - 185076, 255695 - 24350 = 5*m - 7*y. What is the thousands digit of m?
6
Let t be (-588)/(-112)*(4/(-3))/(-1). Suppose -11*r = t*r - 1296. What is the tens digit of r?
7
Let p be (-6)/(-14) - 22*(-1352)/112. What is the tens digit of -2*12/8 + p?
6
Let f(s) = -s**2 - 32*s - 191. What is the units digit of f(-11)?
0
What is the tens digit of (216/10)/(4/(-4440)*-9)?
6
Suppose 2*y - 4 = 3*n, -2 = n + 5*y - 12. Suppose z + 3*g - 138 = n, -4*z + 5*g = -0*z - 603. What is the units digit of z?
7
Suppose -15770 = -f - 93*t + 94*t, 4*t - 110434 = -7*f. What is the ten thousands digit of f?
1
Let c(r) = -12*r - 32. Let k(t) = 49*t + 128. Let v(f) = -22*c(f) - 6*k(f). Let l(u) = -u**2 + 17*u + 30. Let g be l(19). What is the units digit of v(g)?
6
Suppose 0 = -l - 5, 4*x - 345*l + 342*l = 168307. What is the tens digit of x?
7
Let n be (-4)/(-22) - 193*440/(-121). Let q = 960 + n. What is the thousands digit of q?
1
Let q(l) = 485*l + 134. Let c be q(13). Suppose -42887 = -34*d - c. What is the hundreds digit of d?
0
Let d(i) = -24*i + 19. Let n be d(9). Let s = n + 840. What is the tens digit of s?
4
Suppose 2*q + 4 = 6, -5*q - 1549 = -2*h. What is the tens digit of h?
7
What is the tens digit of -2 - -23360 - (-4 - 14/(-7))?
6
Let s(y) = 461*y**2 + 46*y - 80. What is the ten thousands digit of s(5)?
1
Suppose 21*p = 24*p + 15. Let a be (-2 - p)/3*331*-1. Let f = -110 - a. What is the hundreds digit of f?
2
Let v(i) = -i**3 + 2*i**2 - 3*i - 67. What is the tens digit of v(-17)?
7
Suppose 7298 = a + s + 1751, -2*s - 22170 = -4*a. Suppose -13*w + 904 = -a. What is the tens digit of w?
9
Suppose 4*y = -h + 36536 + 26504, 3*y + 2*h = 47275. What is the tens digit of y?
6
Suppose -11*d - 61 = -12*d. Suppose d*v = 56*v + 1320. What is the hundreds digit of v?
2
Let c = 19985 - 12645. What is the thousands digit of c?
7
Let r(f) = -5*f**2 + 4*f - 265. Let a(m) = m**2 - 1. Let o(g) = -6*a(g) - r(g). Let b be o(0). Let z = b - 175. What is the units digit of z?
6
Let v(q) = -7*q**2 - 14*q + 1. Let l be v(-2). What is the units digit of -637*2*(l + 4/(-2))?
4
Let r = 63 + -5. Suppose -7*q + r + 1202 = 0. Let t = q - 55. What is the hundreds digit of t?
1
Suppose -5*r + 29836 = 2*b + 12306, -4*b - 4*r + 35096 = 0. What is the hundreds digit of b?
7
Suppose 3*n = s + 8 - 6, 4*s = -3*n - 8. Suppose -4*g + 4*x + 4868 = n, -6*g = -7*g + 4*x + 1205. What is the tens digit of g?
2
Let x(q) = -q - 13. Let u be x(-15). Suppose -357 = -u*i - 23. What is the hundreds digit of i?
1
Suppose -32985 = -3*y - 3*h, 5*y - 14437 - 40554 = 3*h. What is the ten thousands digit of y?
1
Let s(u) = -10*u**3 - 2*u + 3. Let g be